{"id":234,"date":"2018-03-22T06:23:52","date_gmt":"2018-03-22T09:23:52","guid":{"rendered":"https:\/\/demo.themegrill.com\/radiate\/?page_id=229"},"modified":"2022-10-20T10:38:01","modified_gmt":"2022-10-20T13:38:01","slug":"contato","status":"publish","type":"page","link":"https:\/\/grupoz9.com.br\/blog\/contato\/","title":{"rendered":"Contato"},"content":{"rendered":"<h2>Informa\u00e7\u00f5es para contato<\/h2>\n<p>Telefones: (61) 3034-4559 \/ 3246-4776<\/p>\n<p>WhatsApp: (61) 98347-9645<\/p>\n<p>Email: <span id=\"cloak4bf5c3fe66b6091b2093141936da0e01\"><a href=\"mailto:contato@grupoz9.com.br\">contato@grupoz9.com.br<\/a><\/span><\/p>\n<p>&nbsp;<\/p>\n<h2>Hor\u00e1rio de atendimento<\/h2>\n<p>De segunda a sexta-feira, de 8h \u00e0s 18hs<\/p>\n<p>&nbsp;<\/p>\n<h2>Endere\u00e7o<\/h2>\n<p>SRTVN 701 Bloco P Sala 3067 Ed. Bras\u00edlia R\u00e1dio Center, Asa Norte, Bras\u00edlia\/DF, CEP: 70.719-900<\/p>\n<div class=\"everest-forms\"><div class=\"evf-container default\" id=\"evf-228\"><form id=\"evf-form-228\" class=\"everest-form\" data-formid=\"228\" data-ajax_submission=\"0\" data-keyboard_friendly_form=\"0\" method=\"post\" enctype=\"multipart\/form-data\" action=\"\/blog\/wp-json\/wp\/v2\/pages\/234\"><div class=\"evf-field-container\"><input type=\"hidden\" id=\"_wpnonce228\" name=\"_wpnonce228\" value=\"bf367d310a\" \/><input type=\"hidden\" name=\"_wp_http_referer\" value=\"\/blog\/wp-json\/wp\/v2\/pages\/234\" \/><div class=\"evf-frontend-row\" data-row=\"row_1\" conditional_rules=\"[]\"><div class=\"evf-frontend-grid evf-grid-1\" data-grid=\"grid_1\"><div id=\"evf-228-field_name-container\" class=\"evf-field evf-field-text form-row validate-required\" data-required-field-message=\"This field is required.\" data-field-id=\"name\"><label class=\"evf-field-label\" for=\"evf-228-field_name\"><span class=\"evf-label\">Nome<\/span> <abbr class=\"required\" title=\"Required\">*<\/abbr><\/label><input type=\"text\" id=\"evf-228-field_name\" class=\"input-text\" name=\"everest_forms[form_fields][name]\" required><\/div><div id=\"evf-228-field_email-container\" class=\"evf-field evf-field-email form-row validate-required validate-email\" data-required-field-message=\"Please enter a valid email address.\" data-field-id=\"email\"><label class=\"evf-field-label\" for=\"evf-228-field_email\"><span class=\"evf-label\">Email<\/span> <abbr class=\"required\" title=\"Required\">*<\/abbr><\/label><input type=\"email\" id=\"evf-228-field_email\" class=\"input-text\" name=\"everest_forms[form_fields][email]\" required ><\/div><div id=\"evf-228-field_subject-container\" class=\"evf-field evf-field-text form-row validate-required\" data-required-field-message=\"This field is required.\" data-field-id=\"subject\"><label class=\"evf-field-label\" for=\"evf-228-field_subject\"><span class=\"evf-label\">Assunto<\/span> <abbr class=\"required\" title=\"Required\">*<\/abbr><\/label><input type=\"text\" id=\"evf-228-field_subject\" class=\"input-text\" name=\"everest_forms[form_fields][subject]\" required><\/div><div id=\"evf-228-field_message-container\" class=\"evf-field evf-field-textarea form-row\" data-field-id=\"message\"><label class=\"evf-field-label\" for=\"evf-228-field_message\"><span class=\"evf-label\">Mensagem<\/span> <\/label><textarea id=\"evf-228-field_message\" class=\"input-text\" name=\"everest_forms[form_fields][message]\"  ><\/textarea><\/div><\/div><\/div><\/div><div class=\"evf-honeypot-container evf-field-hp\"><label for=\"evf-228-field-hp\" class=\"evf-field-label\">Message<\/label><input type=\"text\" name=\"everest_forms[hp]\" id=\"evf-228-field-hp\" class=\"input-text\"><\/div><div class=\"evf-submit-container \" ><input type=\"hidden\" name=\"everest_forms[id]\" value=\"228\"><input type=\"hidden\" name=\"everest_forms[author]\" value=\"1\"><button type='submit' name='everest_forms[submit]' class='everest-forms-submit-button button evf-submit ' id='evf-submit-228' value='evf-submit' data-process-text=\"Processando...\" conditional_rules='&quot;&quot;' conditional_id='evf-submit-228'  id=\"evf-submit-228\" aria-live=\"assertive\">Enviar<\/button><\/div><\/form><\/div><!-- .evf-container --><\/div>\n","protected":false},"excerpt":{"rendered":"<p>Informa\u00e7\u00f5es para contato Telefones: (61) 3034-4559 \/ 3246-4776 WhatsApp: (61) 98347-9645 Email: contato@grupoz9.com.br &nbsp; Hor\u00e1rio de atendimento De segunda a sexta-feira, de 8h \u00e0s 18hs &nbsp; Endere\u00e7o SRTVN 701 Bloco P Sala 3067 Ed. Bras\u00edlia R\u00e1dio Center, Asa Norte, Bras\u00edlia\/DF, CEP: 70.719-900<\/p>\n","protected":false},"author":1,"featured_media":0,"parent":0,"menu_order":0,"comment_status":"closed","ping_status":"closed","template":"","meta":{"footnotes":""},"class_list":["post-234","page","type-page","status-publish","hentry"],"yoast_head":"<!-- This site is optimized with the Yoast SEO plugin v20.7 - https:\/\/yoast.com\/wordpress\/plugins\/seo\/ -->\n<title>Contato - Blog Grupo Z9<\/title>\n<meta name=\"robots\" content=\"index, follow, max-snippet:-1, max-image-preview:large, max-video-preview:-1\" \/>\n<link rel=\"canonical\" href=\"https:\/\/grupoz9.com.br\/blog\/contato\/\" \/>\n<meta property=\"og:locale\" content=\"pt_BR\" \/>\n<meta property=\"og:type\" content=\"article\" \/>\n<meta property=\"og:title\" content=\"Contato - Blog Grupo Z9\" \/>\n<meta property=\"og:description\" content=\"Informa\u00e7\u00f5es para contato Telefones: (61) 3034-4559 \/ 3246-4776 WhatsApp: (61) 98347-9645 Email: contato@grupoz9.com.br &nbsp; Hor\u00e1rio de atendimento De segunda a sexta-feira, de 8h \u00e0s 18hs &nbsp; Endere\u00e7o SRTVN 701 Bloco P Sala 3067 Ed. Bras\u00edlia R\u00e1dio Center, Asa Norte, Bras\u00edlia\/DF, CEP: 70.719-900\" \/>\n<meta property=\"og:url\" content=\"https:\/\/grupoz9.com.br\/blog\/contato\/\" \/>\n<meta property=\"og:site_name\" content=\"Blog Grupo Z9\" \/>\n<meta property=\"article:publisher\" content=\"https:\/\/www.facebook.com\/grupoz9\" \/>\n<meta property=\"article:modified_time\" content=\"2022-10-20T13:38:01+00:00\" \/>\n<meta name=\"twitter:card\" content=\"summary_large_image\" \/>\n<meta name=\"twitter:site\" content=\"@grupoz9\" \/>\n<script type=\"application\/ld+json\" class=\"yoast-schema-graph\">{\"@context\":\"https:\/\/schema.org\",\"@graph\":[{\"@type\":\"WebPage\",\"@id\":\"https:\/\/grupoz9.com.br\/blog\/contato\/\",\"url\":\"https:\/\/grupoz9.com.br\/blog\/contato\/\",\"name\":\"Contato - Blog Grupo Z9\",\"isPartOf\":{\"@id\":\"https:\/\/grupoz9.com.br\/blog\/#website\"},\"datePublished\":\"2018-03-22T09:23:52+00:00\",\"dateModified\":\"2022-10-20T13:38:01+00:00\",\"breadcrumb\":{\"@id\":\"https:\/\/grupoz9.com.br\/blog\/contato\/#breadcrumb\"},\"inLanguage\":\"pt-BR\",\"potentialAction\":[{\"@type\":\"ReadAction\",\"target\":[\"https:\/\/grupoz9.com.br\/blog\/contato\/\"]}]},{\"@type\":\"BreadcrumbList\",\"@id\":\"https:\/\/grupoz9.com.br\/blog\/contato\/#breadcrumb\",\"itemListElement\":[{\"@type\":\"ListItem\",\"position\":1,\"name\":\"In\u00edcio\",\"item\":\"https:\/\/grupoz9.com.br\/blog\/\"},{\"@type\":\"ListItem\",\"position\":2,\"name\":\"Contato\"}]},{\"@type\":\"WebSite\",\"@id\":\"https:\/\/grupoz9.com.br\/blog\/#website\",\"url\":\"https:\/\/grupoz9.com.br\/blog\/\",\"name\":\"Blog Grupo Z9\",\"description\":\"\",\"publisher\":{\"@id\":\"https:\/\/grupoz9.com.br\/blog\/#organization\"},\"potentialAction\":[{\"@type\":\"SearchAction\",\"target\":{\"@type\":\"EntryPoint\",\"urlTemplate\":\"https:\/\/grupoz9.com.br\/blog\/?s={search_term_string}\"},\"query-input\":\"required name=search_term_string\"}],\"inLanguage\":\"pt-BR\"},{\"@type\":\"Organization\",\"@id\":\"https:\/\/grupoz9.com.br\/blog\/#organization\",\"name\":\"Grupo Z9 Consultoria e Treinamento\",\"url\":\"https:\/\/grupoz9.com.br\/blog\/\",\"logo\":{\"@type\":\"ImageObject\",\"inLanguage\":\"pt-BR\",\"@id\":\"https:\/\/grupoz9.com.br\/blog\/#\/schema\/logo\/image\/\",\"url\":\"http:\/\/grupoz9.com.br\/blog\/wp-content\/uploads\/2022\/09\/logo-blog-2.jpg\",\"contentUrl\":\"http:\/\/grupoz9.com.br\/blog\/wp-content\/uploads\/2022\/09\/logo-blog-2.jpg\",\"width\":1500,\"height\":450,\"caption\":\"Grupo Z9 Consultoria e Treinamento\"},\"image\":{\"@id\":\"https:\/\/grupoz9.com.br\/blog\/#\/schema\/logo\/image\/\"},\"sameAs\":[\"https:\/\/www.facebook.com\/grupoz9\",\"https:\/\/twitter.com\/grupoz9\",\"https:\/\/www.instagram.com\/grupoz9\"]}]}<\/script>\n<!-- \/ Yoast SEO plugin. -->","yoast_head_json":{"title":"Contato - Blog Grupo Z9","robots":{"index":"index","follow":"follow","max-snippet":"max-snippet:-1","max-image-preview":"max-image-preview:large","max-video-preview":"max-video-preview:-1"},"canonical":"https:\/\/grupoz9.com.br\/blog\/contato\/","og_locale":"pt_BR","og_type":"article","og_title":"Contato - Blog Grupo Z9","og_description":"Informa\u00e7\u00f5es para contato Telefones: (61) 3034-4559 \/ 3246-4776 WhatsApp: (61) 98347-9645 Email: contato@grupoz9.com.br &nbsp; Hor\u00e1rio de atendimento De segunda a sexta-feira, de 8h \u00e0s 18hs &nbsp; Endere\u00e7o SRTVN 701 Bloco P Sala 3067 Ed. Bras\u00edlia R\u00e1dio Center, Asa Norte, Bras\u00edlia\/DF, CEP: 70.719-900","og_url":"https:\/\/grupoz9.com.br\/blog\/contato\/","og_site_name":"Blog Grupo Z9","article_publisher":"https:\/\/www.facebook.com\/grupoz9","article_modified_time":"2022-10-20T13:38:01+00:00","twitter_card":"summary_large_image","twitter_site":"@grupoz9","schema":{"@context":"https:\/\/schema.org","@graph":[{"@type":"WebPage","@id":"https:\/\/grupoz9.com.br\/blog\/contato\/","url":"https:\/\/grupoz9.com.br\/blog\/contato\/","name":"Contato - Blog Grupo Z9","isPartOf":{"@id":"https:\/\/grupoz9.com.br\/blog\/#website"},"datePublished":"2018-03-22T09:23:52+00:00","dateModified":"2022-10-20T13:38:01+00:00","breadcrumb":{"@id":"https:\/\/grupoz9.com.br\/blog\/contato\/#breadcrumb"},"inLanguage":"pt-BR","potentialAction":[{"@type":"ReadAction","target":["https:\/\/grupoz9.com.br\/blog\/contato\/"]}]},{"@type":"BreadcrumbList","@id":"https:\/\/grupoz9.com.br\/blog\/contato\/#breadcrumb","itemListElement":[{"@type":"ListItem","position":1,"name":"In\u00edcio","item":"https:\/\/grupoz9.com.br\/blog\/"},{"@type":"ListItem","position":2,"name":"Contato"}]},{"@type":"WebSite","@id":"https:\/\/grupoz9.com.br\/blog\/#website","url":"https:\/\/grupoz9.com.br\/blog\/","name":"Blog Grupo Z9","description":"","publisher":{"@id":"https:\/\/grupoz9.com.br\/blog\/#organization"},"potentialAction":[{"@type":"SearchAction","target":{"@type":"EntryPoint","urlTemplate":"https:\/\/grupoz9.com.br\/blog\/?s={search_term_string}"},"query-input":"required name=search_term_string"}],"inLanguage":"pt-BR"},{"@type":"Organization","@id":"https:\/\/grupoz9.com.br\/blog\/#organization","name":"Grupo Z9 Consultoria e Treinamento","url":"https:\/\/grupoz9.com.br\/blog\/","logo":{"@type":"ImageObject","inLanguage":"pt-BR","@id":"https:\/\/grupoz9.com.br\/blog\/#\/schema\/logo\/image\/","url":"http:\/\/grupoz9.com.br\/blog\/wp-content\/uploads\/2022\/09\/logo-blog-2.jpg","contentUrl":"http:\/\/grupoz9.com.br\/blog\/wp-content\/uploads\/2022\/09\/logo-blog-2.jpg","width":1500,"height":450,"caption":"Grupo Z9 Consultoria e Treinamento"},"image":{"@id":"https:\/\/grupoz9.com.br\/blog\/#\/schema\/logo\/image\/"},"sameAs":["https:\/\/www.facebook.com\/grupoz9","https:\/\/twitter.com\/grupoz9","https:\/\/www.instagram.com\/grupoz9"]}]}},"_links":{"self":[{"href":"https:\/\/grupoz9.com.br\/blog\/wp-json\/wp\/v2\/pages\/234","targetHints":{"allow":["GET"]}}],"collection":[{"href":"https:\/\/grupoz9.com.br\/blog\/wp-json\/wp\/v2\/pages"}],"about":[{"href":"https:\/\/grupoz9.com.br\/blog\/wp-json\/wp\/v2\/types\/page"}],"author":[{"embeddable":true,"href":"https:\/\/grupoz9.com.br\/blog\/wp-json\/wp\/v2\/users\/1"}],"replies":[{"embeddable":true,"href":"https:\/\/grupoz9.com.br\/blog\/wp-json\/wp\/v2\/comments?post=234"}],"version-history":[{"count":3,"href":"https:\/\/grupoz9.com.br\/blog\/wp-json\/wp\/v2\/pages\/234\/revisions"}],"predecessor-version":[{"id":318,"href":"https:\/\/grupoz9.com.br\/blog\/wp-json\/wp\/v2\/pages\/234\/revisions\/318"}],"wp:attachment":[{"href":"https:\/\/grupoz9.com.br\/blog\/wp-json\/wp\/v2\/media?parent=234"}],"curies":[{"name":"wp","href":"https:\/\/api.w.org\/{rel}","templated":true}]}}